e remainder when 1617 is divided by 9?
6
Calculate the remainder when 1245 is divided by 16.
13
What is the remainder when 3174 is divided by 394?
22
Calculate the remainder when 658 is divided by 291.
76
What is the remainder when 103 is divided by 26?
25
What is the remainder when 139 is divided by 126?
13
Calculate the remainder when 2113 is divided by 27.
7
What is the remainder when 236 is divided by 67?
35
Calculate the remainder when 2959 is divided by 4.
3
Calculate the remainder when 222 is divided by 16.
14
What is the remainder when 168 is divided by 43?
39
Calculate the remainder when 402 is divided by 31.
30
What is the remainder when 841 is divided by 412?
17
What is the remainder when 217 is divided by 103?
11
What is the remainder when 395 is divided by 198?
197
Calculate the remainder when 2912 is divided by 5.
2
What is the remainder when 3911 is divided by 64?
7
What is the remainder when 144 is divided by 23?
6
Calculate the remainder when 3813 is divided by 137.
114
What is the remainder when 111 is divided by 29?
24
What is the remainder when 713 is divided by 199?
116
What is the remainder when 116 is divided by 12?
8
What is the remainder when 299 is divided by 55?
24
Calculate the remainder when 1616 is divided by 800.
16
What is the remainder when 99 is divided by 52?
47
Calculate the remainder when 130 is divided by 33.
31
Calculate the remainder when 1986 is divided by 402.
378
What is the remainder when 154 is divided by 5?
4
Calculate the remainder when 7981 is divided by 570.
1
Calculate the remainder when 3462 is divided by 99.
96
What is the remainder when 1353 is divided by 21?
9
Calculate the remainder when 367 is divided by 185.
182
Calculate the remainder when 2384 is divided by 676.
356
Calculate the remainder when 5829 is divided by 27.
24
Calculate the remainder when 289 is divided by 137.
15
Calculate the remainder when 96 is divided by 14.
12
What is the remainder when 1442 is divided by 33?
23
Calculate the remainder when 103 is divided by 5.
3
Calculate the remainder when 255 is divided by 53.
43
What is the remainder when 34 is divided by 11?
1
Calculate the remainder when 1536 is divided by 1509.
27
Calculate the remainder when 81 is divided by 21.
18
What is the remainder when 299 is divided by 121?
57
Calculate the remainder when 156 is divided by 40.
36
Calculate the remainder when 1034 is divided by 37.
35
Calculate the remainder when 317 is divided by 86.
59
What is the remainder when 937 is divided by 4?
1
Calculate the remainder when 3415 is divided by 679.
20
What is the remainder when 41 is divided by 2?
1
Calculate the remainder when 2412 is divided by 31.
25
Calculate the remainder when 15659 is divided by 20.
19
Calculate the remainder when 75 is divided by 6.
3
What is the remainder when 110 is divided by 15?
5
What is the remainder when 177 is divided by 45?
42
What is the remainder when 54 is divided by 23?
8
What is the remainder when 103 is divided by 91?
12
Calculate the remainder when 209 is divided by 35.
34
What is the remainder when 365 is divided by 95?
80
Calculate the remainder when 441 is divided by 258.
183
Calculate the remainder when 57 is divided by 7.
1
What is the remainder when 2818 is divided by 94?
92
Calculate the remainder when 37 is divided by 19.
18
Calculate the remainder when 751 is divided by 39.
10
Calculate the remainder when 5827 is divided by 201.
199
Calculate the remainder when 993 is divided by 77.
69
Calculate the remainder when 82 is divided by 21.
19
Calculate the remainder when 339 is divided by 69.
63
What is the remainder when 111 is divided by 57?
54
Calculate the remainder when 175 is divided by 22.
21
What is the remainder when 2573 is divided by 39?
38
Calculate the remainder when 121 is divided by 60.
1
What is the remainder when 206 is divided by 70?
66
Calculate the remainder when 223 is divided by 133.
90
What is the remainder when 779 is divided by 234?
77
What is the remainder when 102 is divided by 26?
24
Calculate the remainder when 1252 is divided by 22.
20
What is the remainder when 1245 is divided by 1242?
3
Calculate the remainder when 284 is divided by 13.
11
What is the remainder when 663 is divided by 48?
39
Calculate the remainder when 202 is divided by 196.
6
Calculate the remainder when 571 is divided by 64.
59
Calculate the remainder when 767 is divided by 128.
127
What is the remainder when 428 is divided by 48?
44
Calculate the remainder when 11426 is divided by 13.
12
What is the remainder when 6531 is divided by 1088?
3
What is the remainder when 289 is divided by 71?
5
What is the remainder when 107 is divided by 29?
20
Calculate the remainder when 3166 is divided by 96.
94
What is the remainder when 317 is divided by 106?
105
Calculate the remainder when 52574 is divided by 259.
256
Calculate the remainder when 123 is divided by 92.
31
Calculate the remainder when 791 is divided by 117.
89
Calculate the remainder when 362 is divided by 33.
32
What is the remainder when 56 is divided by 5?
1
What is the remainder when 88 is divided by 42?
4
Calculate the remainder when 1714 is divided by 26.
24
Calculate the remainder when 5760 is divided by 67.
65
What is the remainder when 23 is divided by 13?
10
Calculate the remainder when 72 is divided by 21.
9
What is the remainder when 173 is divided by 46?
35
What is the remainder when 106 is divided by 23?
14
What is the remainder when 11 is divided by 3?
2
What is the remainder when 106 is divided by 54?
52
Calculate the remainder when 186 is divided by 57.
15
Calculate the remainder when 1006 is divided by 79.
58
What is the remainder when 7017 is divided by 195?
192
What is the remainder when 586 is divided by 486?
100
What is the remainder when 264 is divided by 68?
60
Calculate the remainder when 73778 is divided by 140.
138
What is the remainder when 63 is divided by 21?
0
Calculate the remainder when 176 is divided by 46.
38
Calculate the remainder when 956 is divided by 40.
36
What is the remainder when 5240 is divided by 69?
65
Calculate the remainder when 1336 is divided by 170.
146
What is the remainder when 328 is divided by 98?
34
What is the remainder when 3159 is divided by 628?
19
Calculate the remainder when 966 is divided by 231.
42
Calculate the remainder when 1212 is divided by 550.
112
Calculate the remainder when 85 is divided by 8.
5
Calculate the remainder when 203 is divided by 194.
9
Calculate the remainder when 3247 is divided by 16.
15
Calculate the remainder when 1740 is divided by 465.
345
What is the remainder when 693 is divided by 352?
341
Calculate the remainder when 62 is divided by 17.
11
What is the remainder when 2815 is divided by 88?
87
Calculate the remainder when 235 is divided by 15.
10
What is the remainder when 40 is divided by 9?
4
Calculate the remainder when 16488 is divided by 14.
10
Calculate the remainder when 21 is divided by 11.
10
Calculate the remainder when 719 is divided by 19.
16
What is the remainder when 2131 is divided by 35?
31
What is the remainder when 317 is divided by 24?
5
Calculate the remainder when 4619 is divided by 132.
131
What is the remainder when 1004 is divided by 28?
24
What is the remainder when 250 is divided by 111?
28
Calculate the remainder when 236 is divided by 14.
12
Calculate the remainder when 8975 is divided by 6.
5
Calculate the remainder when 2241 is divided by 33.
30
What is the remainder when 519 is divided by 26?
25
Calculate the remainder when 57 is divided by 3.
0
Calculate the remainder when 44 is divided by 15.
14
Calculate the remainder when 6334 is divided by 36.
34
What is the remainder when 94 is divided by 26?
16
What is the remainder when 64 is divided by 33?
31
What is the remainder when 36 is divided by 26?
10
What is the remainder when 224 is divided by 65?
29
What is the remainder when 2980 is divided by 275?
230
What is the remainder when 894 is divided by 130?
114
Calculate the remainder when 783 is divided by 266.
251
Calculate the remainder when 197 is divided by 71.
55
What is the remainder when 133 is divided by 9?
7
Calculate the remainder when 554 is divided by 110.
4
What is the remainder when 3294 is divided by 97?
93
What is the remainder when 1713 is d